{"id":841,"date":"2025-07-06T18:47:56","date_gmt":"2025-07-06T18:47:56","guid":{"rendered":"https:\/\/www.jdcfinland.fi\/?page_id=841"},"modified":"2026-01-28T15:20:03","modified_gmt":"2026-01-28T15:20:03","slug":"ukk","status":"publish","type":"page","link":"https:\/\/www.jdcfinland.fi\/?page_id=841","title":{"rendered":"UKK"},"content":{"rendered":"<style>.kt-accordion-id841_4ca3d7-6c .kt-accordion-inner-wrap{column-gap:var(--global-kb-gap-md, 2rem);row-gap:10px;}.kt-accordion-id841_4ca3d7-6c .kt-accordion-panel-inner{border-top:0px solid transparent;border-right:0px solid transparent;border-bottom:0px solid transparent;border-left:0px solid transparent;background:#ffffff;padding-top:var(--global-kb-spacing-sm, 1.5rem);padding-right:var(--global-kb-spacing-sm, 1.5rem);padding-bottom:var(--global-kb-spacing-sm, 1.5rem);padding-left:var(--global-kb-spacing-sm, 1.5rem);}.kt-accordion-id841_4ca3d7-6c > .kt-accordion-inner-wrap > .wp-block-kadence-pane > .kt-accordion-header-wrap > .kt-blocks-accordion-header{border-top:0px solid #f2f2f2;border-right:0px solid #f2f2f2;border-bottom:0px solid #f2f2f2;border-left:0px solid #f2f2f2;border-top-left-radius:6px;border-top-right-radius:6px;border-bottom-right-radius:6px;border-bottom-left-radius:6px;background:#f2f2f2;color:#555555;padding-top:14px;padding-right:16px;padding-bottom:14px;padding-left:16px;}.kt-accordion-id841_4ca3d7-6c:not( .kt-accodion-icon-style-basiccircle ):not( .kt-accodion-icon-style-xclosecircle ):not( .kt-accodion-icon-style-arrowcircle )  > .kt-accordion-inner-wrap > .wp-block-kadence-pane > .kt-accordion-header-wrap .kt-blocks-accordion-icon-trigger:after, .kt-accordion-id841_4ca3d7-6c:not( .kt-accodion-icon-style-basiccircle ):not( .kt-accodion-icon-style-xclosecircle ):not( .kt-accodion-icon-style-arrowcircle )  > .kt-accordion-inner-wrap > .wp-block-kadence-pane > .kt-accordion-header-wrap .kt-blocks-accordion-icon-trigger:before{background:#555555;}.kt-accordion-id841_4ca3d7-6c:not( .kt-accodion-icon-style-basic ):not( .kt-accodion-icon-style-xclose ):not( .kt-accodion-icon-style-arrow ) .kt-blocks-accordion-icon-trigger{background:#555555;}.kt-accordion-id841_4ca3d7-6c:not( .kt-accodion-icon-style-basic ):not( .kt-accodion-icon-style-xclose ):not( .kt-accodion-icon-style-arrow ) .kt-blocks-accordion-icon-trigger:after, .kt-accordion-id841_4ca3d7-6c:not( .kt-accodion-icon-style-basic ):not( .kt-accodion-icon-style-xclose ):not( .kt-accodion-icon-style-arrow ) .kt-blocks-accordion-icon-trigger:before{background:#f2f2f2;}.kt-accordion-id841_4ca3d7-6c > .kt-accordion-inner-wrap > .wp-block-kadence-pane > .kt-accordion-header-wrap > .kt-blocks-accordion-header:hover, \n\t\t\t\tbody:not(.hide-focus-outline) .kt-accordion-id841_4ca3d7-6c .kt-blocks-accordion-header:focus-visible{color:#444444;background:#eeeeee;border-top-color:#eeeeee;border-top-style:solid;border-right-color:#eeeeee;border-right-style:solid;border-bottom-color:#eeeeee;border-bottom-style:solid;border-left-color:#eeeeee;border-left-style:solid;}.kt-accordion-id841_4ca3d7-6c:not( .kt-accodion-icon-style-basiccircle ):not( .kt-accodion-icon-style-xclosecircle ):not( .kt-accodion-icon-style-arrowcircle ) .kt-accordion-header-wrap .kt-blocks-accordion-header:hover .kt-blocks-accordion-icon-trigger:after, .kt-accordion-id841_4ca3d7-6c:not( .kt-accodion-icon-style-basiccircle ):not( .kt-accodion-icon-style-xclosecircle ):not( .kt-accodion-icon-style-arrowcircle ) .kt-accordion-header-wrap .kt-blocks-accordion-header:hover .kt-blocks-accordion-icon-trigger:before, body:not(.hide-focus-outline) .kt-accordion-id841_4ca3d7-6c:not( .kt-accodion-icon-style-basiccircle ):not( .kt-accodion-icon-style-xclosecircle ):not( .kt-accodion-icon-style-arrowcircle ) .kt-blocks-accordion--visible .kt-blocks-accordion-icon-trigger:after, body:not(.hide-focus-outline) .kt-accordion-id841_4ca3d7-6c:not( .kt-accodion-icon-style-basiccircle ):not( .kt-accodion-icon-style-xclosecircle ):not( .kt-accodion-icon-style-arrowcircle ) .kt-blocks-accordion-header:focus-visible .kt-blocks-accordion-icon-trigger:before{background:#444444;}.kt-accordion-id841_4ca3d7-6c:not( .kt-accodion-icon-style-basic ):not( .kt-accodion-icon-style-xclose ):not( .kt-accodion-icon-style-arrow ) .kt-accordion-header-wrap .kt-blocks-accordion-header:hover .kt-blocks-accordion-icon-trigger, body:not(.hide-focus-outline) .kt-accordion-id841_4ca3d7-6c:not( .kt-accodion-icon-style-basic ):not( .kt-accodion-icon-style-xclose ):not( .kt-accodion-icon-style-arrow ) .kt-accordion-header-wrap .kt-blocks-accordion-header:focus-visible .kt-blocks-accordion-icon-trigger{background:#444444;}.kt-accordion-id841_4ca3d7-6c:not( .kt-accodion-icon-style-basic ):not( .kt-accodion-icon-style-xclose ):not( .kt-accodion-icon-style-arrow ) .kt-accordion-header-wrap .kt-blocks-accordion-header:hover .kt-blocks-accordion-icon-trigger:after, .kt-accordion-id841_4ca3d7-6c:not( .kt-accodion-icon-style-basic ):not( .kt-accodion-icon-style-xclose ):not( .kt-accodion-icon-style-arrow ) .kt-accordion-header-wrap .kt-blocks-accordion-header:hover .kt-blocks-accordion-icon-trigger:before, body:not(.hide-focus-outline) .kt-accordion-id841_4ca3d7-6c:not( .kt-accodion-icon-style-basic ):not( .kt-accodion-icon-style-xclose ):not( .kt-accodion-icon-style-arrow ) .kt-accordion-header-wrap .kt-blocks-accordion-header:focus-visible .kt-blocks-accordion-icon-trigger:after, body:not(.hide-focus-outline) .kt-accordion-id841_4ca3d7-6c:not( .kt-accodion-icon-style-basic ):not( .kt-accodion-icon-style-xclose ):not( .kt-accodion-icon-style-arrow ) .kt-accordion-header-wrap .kt-blocks-accordion-header:focus-visible .kt-blocks-accordion-icon-trigger:before{background:#eeeeee;}.kt-accordion-id841_4ca3d7-6c .kt-accordion-header-wrap .kt-blocks-accordion-header:focus-visible,\n\t\t\t\t.kt-accordion-id841_4ca3d7-6c > .kt-accordion-inner-wrap > .wp-block-kadence-pane > .kt-accordion-header-wrap > .kt-blocks-accordion-header.kt-accordion-panel-active{color:#ffffff;background:#BE530B;border-top-color:#BE530B;border-top-style:solid;border-right-color:#BE530B;border-right-style:solid;border-bottom-color:#BE530B;border-bottom-style:solid;border-left-color:#BE530B;border-left-style:solid;}.kt-accordion-id841_4ca3d7-6c:not( .kt-accodion-icon-style-basiccircle ):not( .kt-accodion-icon-style-xclosecircle ):not( .kt-accodion-icon-style-arrowcircle )  > .kt-accordion-inner-wrap > .wp-block-kadence-pane > .kt-accordion-header-wrap > .kt-blocks-accordion-header.kt-accordion-panel-active .kt-blocks-accordion-icon-trigger:after, .kt-accordion-id841_4ca3d7-6c:not( .kt-accodion-icon-style-basiccircle ):not( .kt-accodion-icon-style-xclosecircle ):not( .kt-accodion-icon-style-arrowcircle )  > .kt-accordion-inner-wrap > .wp-block-kadence-pane > .kt-accordion-header-wrap > .kt-blocks-accordion-header.kt-accordion-panel-active .kt-blocks-accordion-icon-trigger:before{background:#ffffff;}.kt-accordion-id841_4ca3d7-6c:not( .kt-accodion-icon-style-basic ):not( .kt-accodion-icon-style-xclose ):not( .kt-accodion-icon-style-arrow ) .kt-blocks-accordion-header.kt-accordion-panel-active .kt-blocks-accordion-icon-trigger{background:#ffffff;}.kt-accordion-id841_4ca3d7-6c:not( .kt-accodion-icon-style-basic ):not( .kt-accodion-icon-style-xclose ):not( .kt-accodion-icon-style-arrow ) .kt-blocks-accordion-header.kt-accordion-panel-active .kt-blocks-accordion-icon-trigger:after, .kt-accordion-id841_4ca3d7-6c:not( .kt-accodion-icon-style-basic ):not( .kt-accodion-icon-style-xclose ):not( .kt-accodion-icon-style-arrow ) .kt-blocks-accordion-header.kt-accordion-panel-active .kt-blocks-accordion-icon-trigger:before{background:#BE530B;}@media all and (max-width: 1024px){.kt-accordion-id841_4ca3d7-6c .kt-accordion-panel-inner{border-top:0px solid transparent;border-right:0px solid transparent;border-bottom:0px solid transparent;border-left:0px solid transparent;}}@media all and (max-width: 1024px){.kt-accordion-id841_4ca3d7-6c > .kt-accordion-inner-wrap > .wp-block-kadence-pane > .kt-accordion-header-wrap > .kt-blocks-accordion-header{border-top:0px solid #f2f2f2;border-right:0px solid #f2f2f2;border-bottom:0px solid #f2f2f2;border-left:0px solid #f2f2f2;}}@media all and (max-width: 1024px){.kt-accordion-id841_4ca3d7-6c > .kt-accordion-inner-wrap > .wp-block-kadence-pane > .kt-accordion-header-wrap > .kt-blocks-accordion-header:hover, \n\t\t\t\tbody:not(.hide-focus-outline) .kt-accordion-id841_4ca3d7-6c .kt-blocks-accordion-header:focus-visible{border-top-color:#eeeeee;border-top-style:solid;border-right-color:#eeeeee;border-right-style:solid;border-bottom-color:#eeeeee;border-bottom-style:solid;border-left-color:#eeeeee;border-left-style:solid;}}@media all and (max-width: 1024px){.kt-accordion-id841_4ca3d7-6c .kt-accordion-header-wrap .kt-blocks-accordion-header:focus-visible,\n\t\t\t\t.kt-accordion-id841_4ca3d7-6c > .kt-accordion-inner-wrap > .wp-block-kadence-pane > .kt-accordion-header-wrap > .kt-blocks-accordion-header.kt-accordion-panel-active{border-top-color:#BE530B;border-top-style:solid;border-right-color:#BE530B;border-right-style:solid;border-bottom-color:#BE530B;border-bottom-style:solid;border-left-color:#BE530B;border-left-style:solid;}}@media all and (max-width: 767px){.kt-accordion-id841_4ca3d7-6c .kt-accordion-inner-wrap{display:block;}.kt-accordion-id841_4ca3d7-6c .kt-accordion-inner-wrap .kt-accordion-pane:not(:first-child){margin-top:10px;}.kt-accordion-id841_4ca3d7-6c .kt-accordion-panel-inner{border-top:0px solid transparent;border-right:0px solid transparent;border-bottom:0px solid transparent;border-left:0px solid transparent;}.kt-accordion-id841_4ca3d7-6c > .kt-accordion-inner-wrap > .wp-block-kadence-pane > .kt-accordion-header-wrap > .kt-blocks-accordion-header{border-top:0px solid #f2f2f2;border-right:0px solid #f2f2f2;border-bottom:0px solid #f2f2f2;border-left:0px solid #f2f2f2;}.kt-accordion-id841_4ca3d7-6c > .kt-accordion-inner-wrap > .wp-block-kadence-pane > .kt-accordion-header-wrap > .kt-blocks-accordion-header:hover, \n\t\t\t\tbody:not(.hide-focus-outline) .kt-accordion-id841_4ca3d7-6c .kt-blocks-accordion-header:focus-visible{border-top-color:#eeeeee;border-top-style:solid;border-right-color:#eeeeee;border-right-style:solid;border-bottom-color:#eeeeee;border-bottom-style:solid;border-left-color:#eeeeee;border-left-style:solid;}.kt-accordion-id841_4ca3d7-6c .kt-accordion-header-wrap .kt-blocks-accordion-header:focus-visible,\n\t\t\t\t.kt-accordion-id841_4ca3d7-6c > .kt-accordion-inner-wrap > .wp-block-kadence-pane > .kt-accordion-header-wrap > .kt-blocks-accordion-header.kt-accordion-panel-active{border-top-color:#BE530B;border-top-style:solid;border-right-color:#BE530B;border-right-style:solid;border-bottom-color:#BE530B;border-bottom-style:solid;border-left-color:#BE530B;border-left-style:solid;}}<\/style>\n<div class=\"wp-block-kadence-accordion alignnone\"><div class=\"kt-accordion-wrap kt-accordion-id841_4ca3d7-6c kt-accordion-has-5-panes kt-active-pane-0 kt-accordion-block kt-pane-header-alignment-left kt-accodion-icon-style-basic kt-accodion-icon-side-right\" style=\"max-width:none\"><div class=\"kt-accordion-inner-wrap\" data-allow-multiple-open=\"false\" data-start-open=\"0\">\n<div class=\"wp-block-kadence-pane kt-accordion-pane kt-accordion-pane-1 kt-pane841_b4dc7b-9c\"><div class=\"kt-accordion-header-wrap\"><button class=\"kt-blocks-accordion-header kt-acccordion-button-label-show\" type=\"button\"><span class=\"kt-blocks-accordion-title-wrap\"><span class=\"kt-blocks-accordion-title\">JDC Finland<\/span><\/span><span class=\"kt-blocks-accordion-icon-trigger\"><\/span><\/button><\/div><div class=\"kt-accordion-panel kt-accordion-panel-hidden\"><div class=\"kt-accordion-panel-inner\">\n<p>Mik\u00e4 on JDC-akatemia?<br>Kansainv\u00e4linen junioridartsin kehitysohjelma, jonka kautta nuorilla on mahdollisuus edet\u00e4 aina MM-kilpailuihin asti. Suomen akatemian nelj\u00e4 parasta junioria p\u00e4\u00e4sev\u00e4t edustamaan Suomea JDC:n MM-kisoihin! Akatemian juniorit saavat viikottain 90-120 minuutin valmennuksen, jota koordinoi JDC Academy Englannista k\u00e4sin yhteisty\u00f6kumppaneidensa Winmaun ja Red Dragonin kanssa.<\/p>\n\n\n\n<p>Kausi<br>JDC Finlandin kausi kest\u00e4\u00e4 joulukuun alusta marraskuun loppuun. Kausi huipentuu MM-kilpailuihin Gibraltarilla.<\/p>\n\n\n\n<p>Kauden rakenne<br>Kauden aikana j\u00e4rjestet\u00e4\u00e4n 9 suurempaa rankingtapahtumaa, joiden avulla nuoret ker\u00e4\u00e4v\u00e4t pisteit\u00e4 Suomen Order of Merit -listalle. Lis\u00e4ksi jokaisella akatemialaisella on mahdollisuus ker\u00e4t\u00e4 OoM-pisteit\u00e4 viikottaisesta tapahtumasta. Viikottaisia tapahtumia j\u00e4rjestet\u00e4\u00e4n useassa eri kaupungissa ymp\u00e4ri Suomen. Arkipisteit\u00e4 jaetaan kuuden kahdeksan viikon jakson muodossa, yhteens\u00e4 48 viikon aikana vuodessa.<\/p>\n\n\n\n<p>Hinta<br>Vuosimaksu 250 \u20ac. Se on voimassa 12 kuukautta liittymisest\u00e4 ja laskutetaan automaattisesti vuosittain, ellei sit\u00e4 erikseen irtisanota ennen uuden vuosimaksun er\u00e4\u00e4ntymist\u00e4. JDC Finland pid\u00e4tt\u00e4\u00e4 oikeuden kehitt\u00e4\u00e4 ja p\u00e4ivitt\u00e4\u00e4 j\u00e4senyyden sis\u00e4lt\u00f6\u00e4, jotta voimme tarjota sinulle parhaan mahdollisen kokemuksen.<br><br>Kausimaksu tarjoaa sinulle t\u00e4yden paketin: kaikki JDC:n rankingtapahtumat ja viikkorankingpisteet, viikoittaisen valmennuksen sek\u00e4 mahdollisuuden osallistua JDC Academyn kansainv\u00e4lisiin tapahtumiin ja karsia paikasta MM-kilpailuihin.<\/p>\n\n\n\n<p>Ja mik\u00e4 parasta \u2013 kun suoritat yhden 8 viikon kauden hyv\u00e4ksytysti, palkitsemme sinut Winmau- tai Red Dragon-lahjakortilla ja akatemian omalla heittopaidalla! Lis\u00e4ksi sinulla on mahdollisuus saada eksklusiivisia alennuksia ja lahjakortteja JDC Finlandin yhteisty\u00f6kumppaneilta.<\/p>\n\n\n\n<p>Tule mukaan junnujengiin \u2013 kehity, kilpaile ja nauti huippueduista!<\/p>\n<\/div><\/div><\/div>\n\n\n\n<div class=\"wp-block-kadence-pane kt-accordion-pane kt-accordion-pane-4 kt-pane841_1f4c6d-a1\"><div class=\"kt-accordion-header-wrap\"><button class=\"kt-blocks-accordion-header kt-acccordion-button-label-show\" type=\"button\"><span class=\"kt-blocks-accordion-title-wrap\"><span class=\"kt-blocks-accordion-title\">Karsinta JDC:n MM-kilpailuihin<\/span><\/span><span class=\"kt-blocks-accordion-icon-trigger\"><\/span><\/button><\/div><div class=\"kt-accordion-panel kt-accordion-panel-hidden\"><div class=\"kt-accordion-panel-inner\">\n<p><strong>JDC Finlandin kautta sinulla on mahdollisuus p\u00e4\u00e4st\u00e4 Junior Darts Corporationin maailmanmestaruuskilpailuihin Gibraltarille. Kilpailut j\u00e4rjestet\u00e4\u00e4n marras\u2013joulukuun vaihteessa.<\/strong><\/p>\n\n\n\n<p>Kaudella 2026 karsintoihin on kaksi eri tapaa p\u00e4\u00e4st\u00e4:<\/p>\n\n\n\n<ol class=\"wp-block-list\">\n<li><strong>Kuukausikisojen kautta<\/strong>, joista tulee 1\/4 kisapaikoista.<\/li>\n\n\n\n<li><strong>Kokonaisrankingin kautta<\/strong>, josta tulee 3\/4 kisapaikoista.<\/li>\n<\/ol>\n\n\n\n<h5 class=\"wp-block-heading\">Kuukausikisat<\/h5>\n\n\n\n<ul class=\"wp-block-list\">\n<li>Kuukausikisojen karsintoja j\u00e4rjestet\u00e4\u00e4n tammi\u2013syyskuun aikana.<\/li>\n\n\n\n<li>Karsintoja on yhteens\u00e4 kymmenen, yhdeks\u00e4n\u00e4 viikonloppuna.<\/li>\n\n\n\n<li>JDC Scandinavian Openissa heitet\u00e4\u00e4n kaksi erillist\u00e4 karsintaa.<\/li>\n\n\n\n<li>Jokaiselta heitt\u00e4j\u00e4lt\u00e4 huomioidaan <strong>kahdeksan parasta karsintatulosta<\/strong>.<\/li>\n\n\n\n<li>Karsintakisaan osallistuminen on vain akatemialaisille ja se on maksuton heille<\/li>\n\n\n\n<li>My\u00f6s akatemian 18-23-vuotiaat saavat osallistua kuukausikilpailuun. He eiv\u00e4t kerryt\u00e4 kuitenkaan MM-kilpailujen rankingpisteit\u00e4.<\/li>\n<\/ul>\n\n\n\n<h5 class=\"wp-block-heading\">JDC Challenge<\/h5>\n\n\n\n<ul class=\"wp-block-list\">\n<li>JDC Challenge on viikoittain harjoituksissa teht\u00e4v\u00e4 tasonmittaus.<\/li>\n\n\n\n<li>Challenge heitet\u00e4\u00e4n <strong>kahdeksan viikon jaksoissa<\/strong>.<\/li>\n\n\n\n<li>Jokaiselta heitt\u00e4j\u00e4lt\u00e4 lasketaan <strong>kuusi parasta tulosta<\/strong>, ja niiden keskiarvo m\u00e4\u00e4ritt\u00e4\u00e4 suoriutumisen kaudelta.<\/li>\n\n\n\n<li>T\u00e4m\u00e4n perusteella jaetaan rankingpisteet.<\/li>\n<\/ul>\n\n\n\n<h5 class=\"wp-block-heading\">Paikan varmistaminen Gibraltarille<\/h5>\n\n\n\n<p>Jos heitt\u00e4j\u00e4 on saavuttanut kisapaikan sek\u00e4 Kuukausikisojen ett\u00e4 JDC Challengen kautta, valmennusjohto p\u00e4\u00e4tt\u00e4\u00e4, kumman rankinglistan mukaan pelaaja valitaan maailmanmestaruuskilpailuihin.<\/p>\n<\/div><\/div><\/div>\n\n\n\n<div class=\"wp-block-kadence-pane kt-accordion-pane kt-accordion-pane-5 kt-pane841_e1115d-a6\"><div class=\"kt-accordion-header-wrap\"><button class=\"kt-blocks-accordion-header kt-acccordion-button-label-show\" type=\"button\"><span class=\"kt-blocks-accordion-title-wrap\"><span class=\"kt-blocks-accordion-title\">Rankingpisteet kuukausikisoissa<\/span><\/span><span class=\"kt-blocks-accordion-icon-trigger\"><\/span><\/button><\/div><div class=\"kt-accordion-panel kt-accordion-panel-hidden\"><div class=\"kt-accordion-panel-inner\">\n<figure class=\"wp-block-table is-style-stripes\"><table class=\"has-fixed-layout\"><thead><tr><th class=\"has-text-align-center\" data-align=\"center\">Os<\/th><th class=\"has-text-align-center\" data-align=\"center\">1.<\/th><th class=\"has-text-align-center\" data-align=\"center\">2.<\/th><th class=\"has-text-align-center\" data-align=\"center\">3.<\/th><th class=\"has-text-align-center\" data-align=\"center\">4.<\/th><th class=\"has-text-align-center\" data-align=\"center\">5.-8.<\/th><th class=\"has-text-align-center\" data-align=\"center\">9.-16.<\/th><th class=\"has-text-align-center\" data-align=\"center\">17.-32.<\/th><th class=\"has-text-align-center\" data-align=\"center\">33.-64.<\/th><\/tr><\/thead><tbody><tr><td class=\"has-text-align-center\" data-align=\"center\">8<\/td><td class=\"has-text-align-center\" data-align=\"center\">16<\/td><td class=\"has-text-align-center\" data-align=\"center\">15<\/td><td class=\"has-text-align-center\" data-align=\"center\">14<\/td><td class=\"has-text-align-center\" data-align=\"center\">9<\/td><td class=\"has-text-align-center\" data-align=\"center\">5<\/td><td class=\"has-text-align-center\" data-align=\"center\"><\/td><td class=\"has-text-align-center\" data-align=\"center\"><\/td><td class=\"has-text-align-center\" data-align=\"center\"><\/td><\/tr><tr><td class=\"has-text-align-center\" data-align=\"center\">16<\/td><td class=\"has-text-align-center\" data-align=\"center\">32<\/td><td class=\"has-text-align-center\" data-align=\"center\">30<\/td><td class=\"has-text-align-center\" data-align=\"center\">28<\/td><td class=\"has-text-align-center\" data-align=\"center\">18<\/td><td class=\"has-text-align-center\" data-align=\"center\">10<\/td><td class=\"has-text-align-center\" data-align=\"center\">5<\/td><td class=\"has-text-align-center\" data-align=\"center\"><\/td><td class=\"has-text-align-center\" data-align=\"center\"><\/td><\/tr><tr><td class=\"has-text-align-center\" data-align=\"center\">24<\/td><td class=\"has-text-align-center\" data-align=\"center\">48<\/td><td class=\"has-text-align-center\" data-align=\"center\">45<\/td><td class=\"has-text-align-center\" data-align=\"center\">42<\/td><td class=\"has-text-align-center\" data-align=\"center\">27<\/td><td class=\"has-text-align-center\" data-align=\"center\">15<\/td><td class=\"has-text-align-center\" data-align=\"center\">10<\/td><td class=\"has-text-align-center\" data-align=\"center\">5<\/td><td class=\"has-text-align-center\" data-align=\"center\"><\/td><\/tr><tr><td class=\"has-text-align-center\" data-align=\"center\">32<\/td><td class=\"has-text-align-center\" data-align=\"center\">64<\/td><td class=\"has-text-align-center\" data-align=\"center\">60<\/td><td class=\"has-text-align-center\" data-align=\"center\">54<\/td><td class=\"has-text-align-center\" data-align=\"center\">36<\/td><td class=\"has-text-align-center\" data-align=\"center\">20<\/td><td class=\"has-text-align-center\" data-align=\"center\">15<\/td><td class=\"has-text-align-center\" data-align=\"center\">5<\/td><td class=\"has-text-align-center\" data-align=\"center\"><\/td><\/tr><tr><td class=\"has-text-align-center\" data-align=\"center\">40<\/td><td class=\"has-text-align-center\" data-align=\"center\">80<\/td><td class=\"has-text-align-center\" data-align=\"center\">75<\/td><td class=\"has-text-align-center\" data-align=\"center\">69<\/td><td class=\"has-text-align-center\" data-align=\"center\">45<\/td><td class=\"has-text-align-center\" data-align=\"center\">25<\/td><td class=\"has-text-align-center\" data-align=\"center\">20<\/td><td class=\"has-text-align-center\" data-align=\"center\">10<\/td><td class=\"has-text-align-center\" data-align=\"center\">5<\/td><\/tr><\/tbody><\/table><\/figure>\n<\/div><\/div><\/div>\n\n\n\n<div class=\"wp-block-kadence-pane kt-accordion-pane kt-accordion-pane-2 kt-pane841_8f4afc-8c\"><div class=\"kt-accordion-header-wrap\"><button class=\"kt-blocks-accordion-header kt-acccordion-button-label-show\" type=\"button\"><span class=\"kt-blocks-accordion-title-wrap\"><span class=\"kt-blocks-accordion-title\">Kerhotoiminta<\/span><\/span><span class=\"kt-blocks-accordion-icon-trigger\"><\/span><\/button><\/div><div class=\"kt-accordion-panel kt-accordion-panel-hidden\"><div class=\"kt-accordion-panel-inner\">\n<p>Jokaisella suomalaisella dartskerholla ja junioriorganisaatiolla on mahdollisuus saada lisenssi viikottaisen tapahtuman vet\u00e4miseen.<\/p>\n\n\n\n<p>Vaatimukset<br>Vastuullinen henkil\u00f6 tai vastuulliset henkil\u00f6t py\u00f6ritt\u00e4m\u00e4\u00e4n toimintaa. Kaikkien alle kahdeksantoistavuotiaiden kanssa ty\u00f6skentelevien on osoitettava siihen vaadittava rikosrekisteriote <strong><em>lasten kanssa ty\u00f6skentelevien rikostaustan selvitt\u00e4misest\u00e4<\/em><\/strong> annetun lain (504\/2002) mukaisesti. <br>Virallisen koulutuksen suorittaminen. Koulutus kest\u00e4\u00e4 noin kuusi tuntia.<br>Sitoutuminen JDC Academyn arvoihin.<\/p>\n\n\n\n<p>Hinta<br>150 \u20ac \/ yhdistys<br>Huom! Kolme eniten junioreiden viikkorankingpisteit\u00e4 jakanutta yhdistyst\u00e4 saa vuosimaksunsa takaisin<\/p>\n\n\n\n<p>Hy\u00f6ty<br>Mahdollisuuden liitt\u00e4\u00e4 omat juniorinsa JDC Finlandin akatemiaan<br>Oikeuden jakaa pisteit\u00e4 viikkotreeneist\u00e4<br>P\u00e4\u00e4syn JDC:n analyysity\u00f6kaluihin ja treeniohjelmiin<br>Varustetukea ja n\u00e4kyvyytt\u00e4<br>Mahdollisuuden kasvattaa junioritoimintaa<\/p>\n\n\n\n<p>Kiinnostaisiko j\u00e4rjest\u00e4\u00e4 JDC-karsintaosakilpailu?<br>Kerhoilla on mahdollisuus j\u00e4rjest\u00e4\u00e4 JDC Finlandin karsintaosakilpailuja. N\u00e4iden osalta lis\u00e4tietoa saat s\u00e4hk\u00f6postitse osoitteesta info@jdcfinland.fi<\/p>\n<\/div><\/div><\/div>\n\n\n\n<div class=\"wp-block-kadence-pane kt-accordion-pane kt-accordion-pane-3 kt-pane841_235f14-d3\"><div class=\"kt-accordion-header-wrap\"><button class=\"kt-blocks-accordion-header kt-acccordion-button-label-show\" type=\"button\"><span class=\"kt-blocks-accordion-title-wrap\"><span class=\"kt-blocks-accordion-title\">Varainhankinta<\/span><\/span><span class=\"kt-blocks-accordion-icon-trigger\"><\/span><\/button><\/div><div class=\"kt-accordion-panel kt-accordion-panel-hidden\"><div class=\"kt-accordion-panel-inner\">\n<p>JDC Finland hankkii varoja toimintansa py\u00f6ritt\u00e4miseksi viikko- ja kuukausikisojen kautta, vuosittaisen suuremman kisan muodossa ja markkinointin\u00e4kyvyytt\u00e4 myym\u00e4ll\u00e4. Vuonna 2026 p\u00e4\u00e4tapahtuma varainhankintaan on JDC Skandinavian Open toukokuussa Keravalla. Ajankohta on 22.-24.5.2026. Ilmoittautuminen Kisailu.net -sivuston kautta.<\/p>\n\n\n\n<p>Lis\u00e4ksi olemme halukkaita tekem\u00e4\u00e4n yhteisty\u00f6kumppannuuksia kaikkien junioritoiminnan kanssa yhteiset arvot jakavien tahojen kanssa. <br>JDC Finlandin toimintaa voi tukea my\u00f6s hankkimalla kannatustarran tai ostamalla stipendej\u00e4 junioreille, joille osallistuminen saattaisi muuten olla haaste. Stipendin voi osoittaa suoraan nimell\u00e4 yksitt\u00e4iselle pelaajalle tai yleisesti kaikkien juniorien tueksi.<br><\/p>\n<\/div><\/div><\/div>\n<\/div><\/div><\/div>\n\n\n\n<p><\/p>\n","protected":false},"excerpt":{"rendered":"","protected":false},"author":1,"featured_media":842,"parent":0,"menu_order":0,"comment_status":"closed","ping_status":"closed","template":"","meta":{"_EventAllDay":false,"_EventTimezone":"","_EventStartDate":"","_EventEndDate":"","_EventStartDateUTC":"","_EventEndDateUTC":"","_EventShowMap":false,"_EventShowMapLink":false,"_EventURL":"","_EventCost":"","_EventCostDescription":"","_EventCurrencySymbol":"","_EventCurrencyCode":"","_EventCurrencyPosition":"","_EventDateTimeSeparator":"","_EventTimeRangeSeparator":"","_EventOrganizerID":[],"_EventVenueID":[],"_OrganizerEmail":"","_OrganizerPhone":"","_OrganizerWebsite":"","_VenueAddress":"","_VenueCity":"","_VenueCountry":"","_VenueProvince":"","_VenueState":"","_VenueZip":"","_VenuePhone":"","_VenueURL":"","_VenueStateProvince":"","_VenueLat":"","_VenueLng":"","_VenueShowMap":false,"_VenueShowMapLink":false,"_kadence_starter_templates_imported_post":false,"_kad_post_transparent":"","_kad_post_title":"","_kad_post_layout":"","_kad_post_sidebar_id":"","_kad_post_content_style":"","_kad_post_vertical_padding":"","_kad_post_feature":"","_kad_post_feature_position":"","_kad_post_header":false,"_kad_post_footer":false,"_kad_post_classname":"","footnotes":""},"class_list":["post-841","page","type-page","status-publish","has-post-thumbnail","hentry"],"_links":{"self":[{"href":"https:\/\/www.jdcfinland.fi\/index.php?rest_route=\/wp\/v2\/pages\/841","targetHints":{"allow":["GET"]}}],"collection":[{"href":"https:\/\/www.jdcfinland.fi\/index.php?rest_route=\/wp\/v2\/pages"}],"about":[{"href":"https:\/\/www.jdcfinland.fi\/index.php?rest_route=\/wp\/v2\/types\/page"}],"author":[{"embeddable":true,"href":"https:\/\/www.jdcfinland.fi\/index.php?rest_route=\/wp\/v2\/users\/1"}],"replies":[{"embeddable":true,"href":"https:\/\/www.jdcfinland.fi\/index.php?rest_route=%2Fwp%2Fv2%2Fcomments&post=841"}],"version-history":[{"count":8,"href":"https:\/\/www.jdcfinland.fi\/index.php?rest_route=\/wp\/v2\/pages\/841\/revisions"}],"predecessor-version":[{"id":1002,"href":"https:\/\/www.jdcfinland.fi\/index.php?rest_route=\/wp\/v2\/pages\/841\/revisions\/1002"}],"wp:featuredmedia":[{"embeddable":true,"href":"https:\/\/www.jdcfinland.fi\/index.php?rest_route=\/wp\/v2\/media\/842"}],"wp:attachment":[{"href":"https:\/\/www.jdcfinland.fi\/index.php?rest_route=%2Fwp%2Fv2%2Fmedia&parent=841"}],"curies":[{"name":"wp","href":"https:\/\/api.w.org\/{rel}","templated":true}]}}