{"id":3,"date":"2025-05-26T12:08:42","date_gmt":"2025-05-26T12:08:42","guid":{"rendered":"https:\/\/www.jdcfinland.fi\/?page_id=3"},"modified":"2025-06-13T08:12:10","modified_gmt":"2025-06-13T08:12:10","slug":"privacy-policy","status":"publish","type":"page","link":"https:\/\/www.jdcfinland.fi\/?page_id=3","title":{"rendered":"tietosuojaseloste"},"content":{"rendered":"\n<h2 class=\"wp-block-heading\"><strong>MNR Matkat AB tietosuojaseloste<\/strong><\/h2>\n\n\n\n<p><\/p>\n\n\n\n<p><strong>P\u00e4ivitetty:<\/strong>&nbsp;13.6.2025<\/p>\n\n\n\n<p>MNR Matkat AB (Y-tunnus: 3098368-5) sitoutuu suojaamaan asiakkaidensa yksityisyytt\u00e4 ja henkil\u00f6tietoja EU:n yleisen tietosuoja-asetuksen (GDPR) mukaisesti.<\/p>\n\n\n\n<p><strong>1. Rekisterinpit\u00e4j\u00e4:<\/strong><br>MNR Matkat AB<br>mikko@mnr.fi<\/p>\n\n\n\n<p><strong>2. Henkil\u00f6tietojen k\u00e4sittelyn tarkoitus:<\/strong><br>Ker\u00e4\u00e4mme ja k\u00e4sittelemme henkil\u00f6tietoja asiakassuhteen hoitamiseen, matkapalveluiden tarjoamiseen, laskutukseen, asiakasviestint\u00e4\u00e4n ja markkinointiin.<\/p>\n\n\n\n<p><strong>3. Rekisterin tietosis\u00e4lt\u00f6:<\/strong><\/p>\n\n\n\n<ul class=\"wp-block-list\">\n<li>Nimi, yhteystiedot<\/li>\n\n\n\n<li>Varaus- ja maksutiedot<\/li>\n\n\n\n<li>Matkustustiedot ja erityistoiveet, ml syntym\u00e4aika<\/li>\n\n\n\n<li>Mahdolliset terveystiedot (esim. esteett\u00f6myystarpeet)<\/li>\n<\/ul>\n\n\n\n<p><strong>4. Tietojen s\u00e4ilytysaika:<\/strong><br>Tietoja s\u00e4ilytet\u00e4\u00e4n vain niin kauan kuin se on tarpeen palveluiden tarjoamiseksi ja lakis\u00e4\u00e4teisten velvoitteiden t\u00e4ytt\u00e4miseksi.<\/p>\n\n\n\n<p><strong>5. Tietojen luovutus ja siirto:<\/strong><br>Tietoja ei luovuteta kolmansille osapuolille ilman suostumusta, ellei laki toisin vaadi. Tietoja voidaan siirt\u00e4\u00e4 EU\/ETA-alueen ulkopuolelle vain riitt\u00e4v\u00e4n tietosuojan varmistavin keinoin.<\/p>\n\n\n\n<p><strong>6. Rekister\u00f6idyn oikeudet:<\/strong><br>Asiakkaalla on oikeus tarkastaa, oikaista tai poistaa tietonsa sek\u00e4 vastustaa tai rajoittaa k\u00e4sittely\u00e4. Pyynn\u00f6t voi l\u00e4hett\u00e4\u00e4 s\u00e4hk\u00f6postitse osoitteeseen mikko@mnr.fi.<\/p>\n\n\n\n<p><\/p>\n","protected":false},"excerpt":{"rendered":"<p>MNR Matkat AB tietosuojaseloste P\u00e4ivitetty:&nbsp;13.6.2025 MNR Matkat AB (Y-tunnus: 3098368-5) sitoutuu suojaamaan asiakkaidensa yksityisyytt\u00e4 ja henkil\u00f6tietoja EU:n yleisen tietosuoja-asetuksen (GDPR) mukaisesti. 1. Rekisterinpit\u00e4j\u00e4:MNR Matkat ABmikko@mnr.fi 2. Henkil\u00f6tietojen k\u00e4sittelyn tarkoitus:Ker\u00e4\u00e4mme ja&#8230;<\/p>\n","protected":false},"author":1,"featured_media":0,"parent":0,"menu_order":0,"comment_status":"closed","ping_status":"open","template":"","meta":{"_EventAllDay":false,"_EventTimezone":"","_EventStartDate":"","_EventEndDate":"","_EventStartDateUTC":"","_EventEndDateUTC":"","_EventShowMap":false,"_EventShowMapLink":false,"_EventURL":"","_EventCost":"","_EventCostDescription":"","_EventCurrencySymbol":"","_EventCurrencyCode":"","_EventCurrencyPosition":"","_EventDateTimeSeparator":"","_EventTimeRangeSeparator":"","_EventOrganizerID":[],"_EventVenueID":[],"_OrganizerEmail":"","_OrganizerPhone":"","_OrganizerWebsite":"","_VenueAddress":"","_VenueCity":"","_VenueCountry":"","_VenueProvince":"","_VenueState":"","_VenueZip":"","_VenuePhone":"","_VenueURL":"","_VenueStateProvince":"","_VenueLat":"","_VenueLng":"","_VenueShowMap":false,"_VenueShowMapLink":false,"_kadence_starter_templates_imported_post":false,"_kad_post_transparent":"","_kad_post_title":"","_kad_post_layout":"","_kad_post_sidebar_id":"","_kad_post_content_style":"","_kad_post_vertical_padding":"","_kad_post_feature":"","_kad_post_feature_position":"","_kad_post_header":false,"_kad_post_footer":false,"_kad_post_classname":"","footnotes":""},"class_list":["post-3","page","type-page","status-publish","hentry"],"_links":{"self":[{"href":"https:\/\/www.jdcfinland.fi\/index.php?rest_route=\/wp\/v2\/pages\/3","targetHints":{"allow":["GET"]}}],"collection":[{"href":"https:\/\/www.jdcfinland.fi\/index.php?rest_route=\/wp\/v2\/pages"}],"about":[{"href":"https:\/\/www.jdcfinland.fi\/index.php?rest_route=\/wp\/v2\/types\/page"}],"author":[{"embeddable":true,"href":"https:\/\/www.jdcfinland.fi\/index.php?rest_route=\/wp\/v2\/users\/1"}],"replies":[{"embeddable":true,"href":"https:\/\/www.jdcfinland.fi\/index.php?rest_route=%2Fwp%2Fv2%2Fcomments&post=3"}],"version-history":[{"count":1,"href":"https:\/\/www.jdcfinland.fi\/index.php?rest_route=\/wp\/v2\/pages\/3\/revisions"}],"predecessor-version":[{"id":799,"href":"https:\/\/www.jdcfinland.fi\/index.php?rest_route=\/wp\/v2\/pages\/3\/revisions\/799"}],"wp:attachment":[{"href":"https:\/\/www.jdcfinland.fi\/index.php?rest_route=%2Fwp%2Fv2%2Fmedia&parent=3"}],"curies":[{"name":"wp","href":"https:\/\/api.w.org\/{rel}","templated":true}]}}